ivided by p(z)?
15
Calculate the remainder when 16 is divided by 183/21 + 8/28.
7
Let c(f) = -f + 5. Let w be c(5). Calculate the remainder when 11 is divided by (-12)/(-6) + (w - -2).
3
Suppose -4*o + 9 + 11 = 0. Suppose -o*b = -d - 4, -23 = -3*d - 3*b + 19. Calculate the remainder when 21 is divided by d.
10
Suppose 0 = 3*l - 2*k + 15, 0 = 4*l - 3*k + 9 + 12. Let o = 10 + l. Suppose 3*u - 24 = u. Calculate the remainder when u is divided by o.
5
Suppose -o + 80 = -4*u - 5, 4*o - 4*u - 328 = 0. Calculate the remainder when o is divided by 28.
25
Let r(g) = 12*g**2. Calculate the remainder when 53 is divided by r(1).
5
Let u = 1 + 1. Suppose -2*y = 4*y - 12. What is the remainder when u is divided by y?
0
Suppose -4*a + a = 9, 4*v = -4*a + 248. Calculate the remainder when v is divided by 11.
10
Let q(j) = -j**2 + 4*j + 2. Let l be q(4). Suppose z = -4*b + 19, l*b - 4*z - 4 + 8 = 0. Calculate the remainder when b is divided by 3.
1
Let o(n) = 5*n**2 - 4*n + 4. Let s be o(5). Let m = s + -46. Calculate the remainder when m is divided by 16.
15
Suppose 37 = -3*r + 1. Let i = -3 - r. What is the remainder when i is divided by 5?
4
Let g = -13 - -50. Suppose 3*v = 0, -4*b = -2*b + 4*v + 74. Let i = b + 56. What is the remainder when g is divided by i?
18
Let b(a) = a**3 + 11*a**2 - a - 2. What is the remainder when 53 is divided by b(-11)?
8
Suppose -4*h + 35 = h. Let l = 44 - 81. Let g = -25 - l. Calculate the remainder when g is divided by h.
5
Let u = 12 + -3. Let w(k) = k**3 - 2*k**2 - 4*k. Let c = -3 + 7. Calculate the remainder when w(c) is divided by u.
7
Let b = -2 - 2. Let x = 18 + b. Calculate the remainder when 53 is divided by x.
11
Let b = 23 - 18. Calculate the remainder when b is divided by 2.
1
Suppose 2*q + 2*q = 20. Suppose 0 = -4*r - 2*x + 80, q*x = -r + 4 - 2. Let d = r - 11. What is the remainder when 32 is divided by d?
10
Let n be -1 + (-2)/3*-6. Suppose n*b - 54 = 63. Suppose -2*j + 26 = -3*m, 29 = 2*j - 4*m + 1. What is the remainder when b is divided by j?
9
Suppose -3*r - 5*m = -50, -5*r + 60 = -r + 5*m. What is the remainder when 27 is divided by r?
7
Let n = -12 + 33. Suppose r = -2*l - 0*l + n, 3*r + 5*l = 68. What is the remainder when r is divided by 5/(-2)*-4 + 1?
9
What is the remainder when (-10)/6 + 2 - 5868/(-54) is divided by 22?
21
Let k(c) = c**2. What is the remainder when 45 is divided by k(4)?
13
Let o = -8 + 14. Calculate the remainder when 23 is divided by o.
5
Suppose 2*g - 37 = z + 27, -5*g - 2*z = -169. Calculate the remainder when g is divided by 9.
6
Let f(b) = 2*b - 19. What is the remainder when 24 is divided by f(14)?
6
Let l(b) = b**2 + 2*b - 1. Let d be l(-3). Let i(x) = -2*x**d + x**2 + 2*x - 3*x + 19. Calculate the remainder when i(0) is divided by 10.
9
Let b = 18 - -16. What is the remainder when b is divided by 9?
7
Let w = 17 + -9. Suppose o = -3*o - w. What is the remainder when 85/3 + o/6 is divided by 10?
8
Suppose -w - u + 3*u = -61, 2*w = 5*u + 126. Calculate the remainder when w is divided by 14.
11
Suppose 28 = 4*d - 44. Let n = -7 + d. What is the remainder when -2 + (-3)/2*-14 is divided by n?
8
Suppose 0 = -4*g - 4, -4*g = 2*c - 1 - 1. Suppose 2*a - 21 = -t, 4*a - 47 = -c*t + 2*a. What is the remainder when 37 is divided by t?
11
Calculate the remainder when ((-20)/(-14))/((-2)/(-14)) is divided by 6.
4
Let w(x) be the second derivative of 11*x**3/6 - 2*x**2 - 2*x. Let h be w(3). Let p = h - 16. What is the remainder when 38 is divided by p?
12
Suppose -u = 4*u - 45. Suppose 4*f - 69 - 103 = 0. What is the remainder when f is divided by u?
7
Let w(q) = -q**3 - 2*q**2 + 3*q + 7. Calculate the remainder when 13 is divided by w(-3).
6
Let k be (-2)/(-1) + 0 + 16. Let q = k - 13. Let a = -1 + 4. What is the remainder when q is divided by a?
2
Let f(z) = -z**3 + 7*z**2 + 2*z - 5. Let u = -15 - -15. Suppose -q - 2*a - 2*a + 15 = 0, -q + a + 10 = u. What is the remainder when f(6) is divided by q?
10
Let p = -34 - -69. Suppose 4*x + q - 41 = 0, -5*x + 23 + 28 = q. What is the remainder when x/p + 145/7 is divided by 11?
10
What is the remainder when 18 is divided by (3/(-2))/(12/(-88))?
7
Suppose 2*v + 4*h - 34 = -h, -3*v = -h - 17. Suppose -19 = 3*s - 76. Let p = s - v. What is the remainder when 35 is divided by p?
11
Let x = -27 - -55. Calculate the remainder when 110 is divided by x.
26
Suppose -3*v = -2*i - 2*v + 76, -3*v = 5*i - 190. Suppose 5*d - 33 = -p, 2*p - d - 22 = -0*p. Calculate the remainder when i is divided by p.
12
Suppose -60 = -2*t - t. What is the remainder when 57 is divided by t?
17
Suppose 4*k - 36 - 76 = 0. What is the remainder when k is divided by (-4)/14 + 107/7?
13
What is the remainder when (-40)/(-140) + (-61)/(-7) is divided by 2?
1
Let w = 6 + -4. Suppose -w*q = 3*q + 5. Calculate the remainder when 7 is divided by q*(0 - (5 + -2)).
1
Let w be -5*(48/10 + -3). Suppose -5*l - 41 = 54. Let z = w - l. What is the remainder when z is divided by 6?
4
Let q be (-4 - (0 - 0))*-1. Suppose -5*p = 4*h - 33, q*h = p + 19 + 8. Calculate the remainder when 20 is divided by h.
6
Suppose a = -o + 39, -3*o = -a - 4*a - 149. Let p be (3 + -1)/(8/(-76)). Let t = p + 34. Calculate the remainder when o is divided by t.
13
Let l be (-1)/3 - 8/3. Let r(s) = s**2 + 4*s + 4. Let m be r(l). What is the remainder when 22 is divided by (m + -6)*(-12)/5?
10
Let t = 6 + 6. Let q = 16 - t. What is the remainder when 11 is divided by q?
3
Let p(i) = -i**3 - i - 32. Let k be p(0). Let l(z) = z - 11. Let o be l(-8). Let j = o - k. What is the remainder when 37 is divided by j?
11
Let x(r) be the second derivative of -r**3 - 2*r**2 + 2*r. What is the remainder when x(-8) is divided by 15?
14
Let w be (0*1/(-2))/(-1). Suppose w = -v + 5*v - 64. What is the remainder when v is divided by 9?
7
Suppose 2*d = -d + 36. What is the remainder when 59 is divided by d?
11
Suppose -4*p + 4*z - 6 = -54, -3*p + 4*z + 37 = 0. Calculate the remainder when (-58)/(-3) - (-4)/6 is divided by p.
9
Suppose -10 = -15*q + 35. Calculate the remainder when 12 is divided by q.
0
Suppose 0 = -v - 0 + 5. Suppose 451 = v*a + 131. What is the remainder when a is divided by 13?
12
What is the remainder when 21 is divided by 4/14*(-1 - -29)?
5
Suppose 0 = 2*f + 3*s - 23, f - 2*s = s + 7. Suppose -2*o + 10 = 0, o - 12 = -2*r + 71. Calculate the remainder when r is divided by f.
9
Suppose -5*s = -0*n - 3*n + 785, -5*n + 1291 = -4*s. What is the remainder when n is divided by 16?
15
Suppose -335 = -y - 4*y + 2*b, 335 = 5*y - 5*b. Calculate the remainder when y is divided by 23*1/(-1 + 2).
21
Suppose -2*g - a = -37, -4*a - 75 = -4*g - 7*a. Let j be 2/6*-1*-6. Suppose j*y - 140 = -2*y. Calculate the remainder when y is divided by g.
17
Let p = 11 - -3. What is the remainder when 37 is divided by p?
9
Let a = 2 + 20. What is the remainder when 86 is divided by a?
20
Let c(g) = -g**3 - 4*g**2 + 3*g - 5. Let s be c(-5). Suppose 0 = -5*y - 0*y + s. What is the remainder when 3 is divided by y?
0
Let a(l) = l**2 + 7*l + 32. Calculate the remainder when a(13) is divided by 59.
56
Suppose 5*q + 29 = z - 3*z, 0 = 3*z + 3*q + 21. Calculate the remainder when z/(-7) - 94/(-14) is divided by 4.
3
Suppose -5*c + 10*c = 0. What is the remainder when 0 + (3 - -10) - c is divided by 5?
3
Suppose 3*n + 2*o + 4 - 35 = 0, n + o = 9. Calculate the remainder when 49 is divided by n.
10
Let o be (-2)/(-6) + (-46)/(-6). What is the remainder when 35 is divided by 270/(-20)*o/(-6)?
17
Let l be 8/6*3/2. Suppose -l*m = m - 42. Calculate the remainder when 69 is divided by m.
13
Let u(c) = -3*c + 1. Let z = 3 - 2. Suppose -2*m - z + 21 = 5*w, 4*m + w - 76 = 0. Calculate the remainder when m is divided by u(-2).
6
Suppose -3*o = 2*o - 55. Suppose -7*c + 10*c = 45. Let s = c - o. What is the remainder when 7 is divided by s?
3
What is the remainder when ((-4)/(-8))/((-2)/(-144)) is divided by 10?
6
Let u(g) be the first derivative of 9*g**2/2 + 4*g + 1. Let v = -42 + 45. Calculate the remainder when u(v) is divided by 16.
15
Let h(m) be the first derivative of -m**4/4 + 8*m**3/3 - 3*m**2 + 4*m + 2. Calculate the remainder when h(6) is divided by 14.
12
Let l(s) = 6*s - 5. Let d be (6 + -5)/(2/(-4)). Let p be ((-18)/4 - -2)*d. Calculate the rem